culate the greatest common factor of 2011954 and 98.
14
Calculate the highest common divisor of 23474 and 104954.
194
What is the greatest common factor of 750 and 579?
3
What is the greatest common divisor of 45916 and 208?
52
What is the greatest common divisor of 68 and 208556?
68
What is the greatest common factor of 185 and 1739?
37
Calculate the greatest common divisor of 1075041 and 45.
9
Calculate the highest common divisor of 2016 and 798.
42
What is the greatest common factor of 100494 and 1782?
54
Calculate the greatest common divisor of 110568 and 34.
34
What is the greatest common factor of 309014 and 1468?
734
Calculate the greatest common divisor of 184919 and 14.
7
What is the highest common divisor of 41088 and 2208?
96
What is the greatest common factor of 44375 and 213?
71
What is the greatest common divisor of 88251 and 276?
69
What is the greatest common factor of 86720 and 1024?
64
Calculate the highest common divisor of 17 and 46087.
17
What is the greatest common divisor of 76 and 1424278?
38
What is the highest common divisor of 13 and 525031?
13
What is the highest common divisor of 4193 and 1724521?
599
Calculate the greatest common divisor of 24 and 4443.
3
What is the highest common divisor of 27393 and 7176?
69
What is the greatest common divisor of 810 and 92097?
81
Calculate the greatest common factor of 1125369 and 45.
9
Calculate the highest common divisor of 952 and 106288.
56
What is the highest common divisor of 2525 and 520?
5
What is the highest common divisor of 130731 and 6?
3
What is the greatest common factor of 864 and 8100?
108
What is the greatest common divisor of 3461262 and 2895?
579
Calculate the greatest common divisor of 968 and 500940.
484
What is the highest common factor of 11036 and 4272?
356
What is the highest common factor of 58812 and 20184?
348
Calculate the greatest common factor of 3068 and 1976.
52
What is the highest common factor of 1400 and 50575?
175
What is the highest common divisor of 64 and 229952?
64
What is the greatest common factor of 688 and 61920?
688
What is the greatest common divisor of 8 and 34000?
8
Calculate the greatest common factor of 6786 and 306414.
522
What is the greatest common factor of 22662 and 198?
18
Calculate the greatest common divisor of 7 and 911.
1
What is the greatest common factor of 122 and 308111?
61
What is the greatest common divisor of 1376 and 15584?
32
Calculate the greatest common divisor of 3618881 and 7.
7
Calculate the greatest common divisor of 275 and 3245.
55
Calculate the highest common divisor of 870551 and 145.
29
Calculate the highest common divisor of 1781 and 1096.
137
Calculate the greatest common factor of 906 and 10062.
6
Calculate the greatest common divisor of 192 and 141810.
6
Calculate the greatest common factor of 1876 and 817132.
268
Calculate the greatest common factor of 272213 and 19.
19
What is the greatest common factor of 30343 and 836?
19
Calculate the greatest common divisor of 234 and 5274.
18
Calculate the greatest common factor of 21 and 288141.
21
Calculate the greatest common factor of 119 and 440963.
17
Calculate the highest common factor of 1686 and 1176.
6
What is the greatest common factor of 1266 and 5514?
6
Calculate the greatest common factor of 24806 and 785.
157
What is the greatest common divisor of 31302 and 12690?
846
Calculate the highest common factor of 6566 and 11390.
134
What is the highest common factor of 507327 and 3945?
789
What is the highest common factor of 2 and 275172?
2
What is the highest common factor of 2350 and 230?
10
Calculate the highest common divisor of 127 and 140081.
127
What is the highest common divisor of 5969 and 1651?
127
What is the greatest common factor of 227205 and 374?
187
Calculate the greatest common factor of 31871 and 70847.
203
Calculate the greatest common factor of 8 and 1382.
2
Calculate the highest common divisor of 1015 and 4194995.
1015
Calculate the greatest common divisor of 40 and 16030.
10
Calculate the highest common divisor of 21752 and 8.
8
What is the greatest common divisor of 54 and 52272?
54
Calculate the highest common divisor of 1 and 189139.
1
Calculate the greatest common factor of 269665 and 2530.
55
Calculate the greatest common divisor of 168 and 219432.
24
What is the greatest common divisor of 16771 and 154185?
541
Calculate the greatest common factor of 6936 and 3978.
102
What is the highest common factor of 4420 and 509660?
340
What is the greatest common factor of 304019 and 95?
19
What is the highest common divisor of 518 and 128205?
259
What is the highest common divisor of 259 and 34114?
37
Calculate the highest common divisor of 23069 and 9775.
391
What is the highest common factor of 363795 and 375?
15
Calculate the greatest common factor of 28134 and 834.
6
Calculate the highest common factor of 18988 and 9964.
188
Calculate the greatest common factor of 36 and 9432.
36
What is the greatest common factor of 112 and 71302?
14
What is the greatest common factor of 1864 and 11944?
8
What is the highest common divisor of 3286 and 901?
53
What is the greatest common divisor of 54184 and 6656?
104
What is the highest common factor of 1740609 and 1131?
1131
Calculate the greatest common divisor of 720440 and 248.
248
Calculate the highest common factor of 33267 and 117.
39
Calculate the greatest common factor of 511 and 420.
7
Calculate the greatest common divisor of 58 and 14152.
58
Calculate the greatest common divisor of 630 and 18438.
42
Calculate the highest common divisor of 507 and 74191.
169
What is the greatest common divisor of 798 and 8607?
57
Calculate the greatest common divisor of 2864838 and 282.
282
Calculate the highest common divisor of 138 and 768.
6
Calculate the greatest common divisor of 232 and 320392.
232
What is the highest common factor of 17140 and 140?
20
Calculate the greatest common factor of 1861185 and 762.
381
Calculate the greatest common divisor of 657 and 161403.
219
Calculate the greatest common divisor of 144 and 79416.
72
What is the highest common factor of 112 and 61544?
56
Calculate the highest common factor of 12901 and 115976.
133
Calculate the highest common divisor of 84234 and 606.
606
What is the greatest common factor of 114232 and 981?
109
What is the greatest common factor of 44 and 984764?
44
What is the highest common factor of 174 and 33582?
174
Calculate the highest common factor of 36804 and 264.
12
What is the greatest common divisor of 8646599 and 13?
13
What is the highest common divisor of 7896 and 47?
47
What is the greatest common factor of 27872 and 1696?
32
Calculate the highest common factor of 118 and 163076.
118
Calculate the highest common divisor of 2409 and 17301.
219
What is the highest common divisor of 2500 and 75?
25
What is the highest common divisor of 25333 and 187?
11
What is the greatest common divisor of 992042 and 298?
298
Calculate the greatest common factor of 352 and 11552.
32
Calculate the highest common divisor of 72 and 17856.
72
Calculate the greatest common divisor of 6480 and 735.
15
What is the greatest common factor of 1384758 and 3420?
342
Calculate the greatest common divisor of 325602 and 18.
18
Calculate the highest common factor of 3146 and 18044.
26
Calculate the greatest common divisor of 1148 and 7216.
164
Calculate the highest common divisor of 171580 and 460.
460
What is the highest common factor of 117 and 15483?
39
What is the greatest common factor of 161645 and 715?
55
Calculate the greatest common divisor of 755 and 815.
5
Calculate the highest common factor of 38056 and 1846.
142
Calculate the greatest common factor of 72652 and 22593.
443
What is the highest common factor of 148295 and 190?
95
Calculate the highest common divisor of 4676 and 11788.
28
Calculate the highest common factor of 16 and 92732.
4
Calculate the greatest common factor of 415590 and 714.
42
What is the highest common divisor of 30 and 6142215?
15
Calculate the greatest common divisor of 10486 and 294.
98
Calculate the highest common factor of 774 and 3784.
86
Calculate the greatest common divisor of 169 and 239811.
169
What is the highest common divisor of 66308 and 968?
484
What is the greatest common divisor of 321 and 326243?
107
Wh